t the prime factors of t(-6).
2, 3
Let y(o) be the first derivative of o**4/4 - 11*o**3/3 + 2*o**2 - 14*o - 7. Let j be y(11). Suppose -k - 2*k + j = 0. What are the prime factors of k?
2, 5
Let b = 222 + -138. Suppose 0*k + 4*k = b. Suppose 0 = s - k - 24. List the prime factors of s.
3, 5
Suppose 3*z = 9*z - 312. Suppose o = 92 + z. List the prime factors of o.
2, 3
Let b = -1 + -11. Let d(t) = t + 14. Let q be d(b). What are the prime factors of (3 - (0 - -1))*q?
2
Let l(j) = 4*j + 8. Let z be l(10). Suppose -55 = -c + z. List the prime factors of c.
103
Suppose -f - 3*a = -807, f + 4*a - 248 = 555. What are the prime factors of f?
3, 7, 13
Suppose -16*f + 2502 = -2458. List the prime factors of f.
2, 5, 31
Suppose -340 = -19*h + 15*h. Let w = -42 + h. What are the prime factors of w?
43
What are the prime factors of (-8250)/(-8) - (1 - (-42)/(-24))?
2, 3, 43
Let d = 1297 + -74. List the prime factors of d.
1223
Suppose -2*f = -1419 - 399. List the prime factors of f.
3, 101
Let u(v) = 16*v**2 + 3*v - 1. Let c be u(2). Suppose 0 = -4*r - l + 6*l - 159, -2*r - l = 83. Let a = r + c. What are the prime factors of a?
2, 7
Let m(w) be the third derivative of w**5/12 - w**4/6 - w**3/3 - 3*w**2. List the prime factors of m(-2).
2, 13
Let z(x) = x**3 + 5*x**2 + 3*x + 5. Let a be z(-4). Let u be -2 + 4 + 1 + 0. Suppose u*b - a = 33. What are the prime factors of b?
2, 7
Suppose 0 = l + j + 2*j - 7, 0 = l + j - 9. Suppose 259 = l*d - 3*d. What are the prime factors of d?
37
Let t = 1836 + -1081. What are the prime factors of t?
5, 151
Let w be 265/15 - 12/(-9). List the prime factors of (-1*1)/(w/(-1273)).
67
Let v(i) = -4*i**2 - 4*i + 24. Let u(m) = 5*m**2 + 5*m - 23. Let x(g) = -3*u(g) - 4*v(g). Let k be x(0). Let j = -10 - k. What are the prime factors of j?
17
Let o(j) = j**2 + 98. Let n be o(0). Let f be 2*3/12*n. Suppose -2*c - 3*c - 2*y + f = 0, 0 = 4*y + 12. What are the prime factors of c?
11
Let p = 617 - 311. List the prime factors of p.
2, 3, 17
Let w(f) = 53*f - 139. List the prime factors of w(12).
7, 71
Let k be 24 + 10/(-1 + -4). What are the prime factors of (0 + 30)/(-20 + k)?
3, 5
List the prime factors of (-20)/(-65) - (-850839)/247.
5, 13, 53
Suppose 3*d + 4633 = 5*c, 0 = -4*c - 4*d + 2990 + 742. What are the prime factors of c?
929
Let f = 95 - 52. Let i = f - 35. List the prime factors of i.
2
Suppose -4*j + 9*j + 35 = -5*u, 5*j = -u - 15. Suppose -10 = x + 3*d, 0 = -5*x + d - 8 - 10. Let s = j - x. List the prime factors of s.
2
Let g(w) = -w. Let y be g(-8). Suppose 0 = -y*h + 140 + 1940. What are the prime factors of h?
2, 5, 13
Let r = -21 + 25. Suppose r*u - 393 = 5*i, i - 237 = 4*i - 2*u. Let f = i + 135. List the prime factors of f.
2, 3
Let s = 41 - 86. Let x = -18 - s. What are the prime factors of x?
3
Let r = 36 + -46. What are the prime factors of ((-188)/r)/((-28)/(-70))?
47
Suppose -3*z + 421 = 2*f, 0 = f + 2*f - 5*z - 584. Let o = 62 - f. Let m = o + 200. List the prime factors of m.
59
Let l(g) = -g**3 - g**2 + g + 6. Let o be l(0). Suppose o*b - 119 = -b. What are the prime factors of b?
17
Suppose 19*x - 1590 = 9*x. List the prime factors of x.
3, 53
Suppose u - 6*u = 10. Let m be (-4)/u - (-127 - 6). Let s = -81 + m. What are the prime factors of s?
2, 3
Suppose -4*g - 8 = -t - 9*g, 2*g = -t + 17. Suppose t*q = 22*q + 67. What are the prime factors of q?
67
Let x(o) = o**3 - 13*o**2 + 12*o. Suppose b + 36 = 4*b. Let y be x(b). Suppose y = -3*p - 21 + 123. List the prime factors of p.
2, 17
Let p(o) = -1 + 5*o + 12*o**2 - 7*o - 5*o**2 - 4*o. What are the prime factors of p(3)?
2, 11
Suppose -34*h + 99159 = -33985. What are the prime factors of h?
2, 11, 89
Let h be (-16)/64*(0 - 12). Suppose a + h*a = f - 19, 5*f = -a + 53. List the prime factors of f.
11
Suppose y - 7 = -2*x, -8*x + 11*x - 14 = -2*y. Let j(m) be the third derivative of m**5/60 - 7*m**4/24 + 7*m**3/3 - 2*m**2. List the prime factors of j(y).
2, 7
Let a be -4*(8988/8)/(-7). Suppose -4*q - a = 2*q. Let g = -54 - q. What are the prime factors of g?
53
Let y = 70 + 434. List the prime factors of y.
2, 3, 7
Suppose -25 = 3*o - 3*h + 2*h, -3*h + 11 = -o. Let z(d) = 3*d**2 + 2*d + 32. List the prime factors of z(o).
2, 13
Let z be -3 + 1*(4 - 1). Let i(k) = k**3 - k**2 - 7. Let s be i(z). Let l(n) = n**3 + 7*n**2 + n + 10. List the prime factors of l(s).
3
Let y(w) = -w**2 + 14*w - 13. Suppose 2*t - 21 = 5. Let z be y(t). Suppose z = -3*x + 7*x - 156. What are the prime factors of x?
3, 13
Suppose 7*d - 4*i - 4 = 4*d, 4 = 5*d - 4*i. Suppose 3*q = -5*h + 139, -q + 0*q - 5*h + 33 = d. What are the prime factors of q?
53
Let w(t) = 3*t**2 - 7*t + 5. Let a(g) = -4*g - 1. Let z be a(-1). Suppose 5*s + z = 23. List the prime factors of w(s).
5
Let c be (-160)/48 - ((-5)/(-3) + -1). List the prime factors of ((-70)/(-15) + c)*21.
2, 7
Let z(k) = 61*k**3 + 6*k**2 + 16*k + 4. Let q(f) = -41*f**3 - 4*f**2 - 11*f - 3. Let v(s) = -7*q(s) - 5*z(s). What are the prime factors of v(-2)?
11, 13
Let q(n) = -9*n + 2. Let d(p) = -13*p + 3. Let s(x) = 5*d(x) - 7*q(x). Let j be s(1). Let o = 24 + j. List the prime factors of o.
23
Let m(h) = -h**2 - 14*h - 2. Let i(l) = -l**2 + 4*l + 7. Let t be i(7). Let g be m(t). List the prime factors of (g/(-8) + -1)*-8.
2, 3
Let i(s) = s - 13. Let u be i(15). Suppose u*b = 10 + 130. What are the prime factors of b?
2, 5, 7
Suppose 606 = z - 5*x, -2*x + 1164 = 3*z - z. What are the prime factors of z?
2, 293
Let k(i) = i**2 - 17*i - 32. Let h be k(18). Let a = 40 - h. List the prime factors of a.
2, 3
Let u(o) = -o**2 - 3*o + 2. Let t be u(-3). Let k(p) = p - 2. Let d be k(t). Suppose 2*v - 8 + d = 0. List the prime factors of v.
2
Let v be (-18)/(-16) - (-1)/(-8). List the prime factors of (-1)/(-6) - v*(-545)/6.
7, 13
Suppose 17*i + 8*i - 3100 = 0. What are the prime factors of i?
2, 31
Suppose 3*p = -0*p. Suppose -s = -p*s + 3. Let o = 21 + s. What are the prime factors of o?
2, 3
Let y be (-4)/8*(-8)/(-2). Let b be (1 - -2)/(5 + y). List the prime factors of (2 - -3)*(b + 0).
5
Suppose -x - 3*i - 5 = 0, -3*x + i - 4*i = -3. Suppose y - x*y + 6 = 0. Suppose 5*c - 2*c + 10 = y*l, -c + 59 = 5*l. List the prime factors of l.
11
Let n(z) = -z**2 + 7*z - 9. Let s be n(7). What are the prime factors of (1 + 1/2)*(-66)/s?
11
Suppose 20*t - 9630 - 97010 = 0. List the prime factors of t.
2, 31, 43
Suppose 2*m = 5*o - 14063, 3*o + o - m = 11248. What are the prime factors of o?
3, 937
Let t = 6 + 7. Let i = t + -22. What are the prime factors of 4 + -3 - (2 + i)?
2
Suppose 5*z + g - 6*g = 15, -1 = -g. List the prime factors of 330/4*(8/(-3) + z).
2, 5, 11
Let l(j) = -j - 11. Let d(x) = x**2 + 6*x - 5. Let h be d(-4). Let g be l(h). Suppose -a + 7*p + 44 = g*p, 2*a = 4*p + 64. List the prime factors of a.
2, 3
Let z = 12 - 7. Suppose 0 = -4*p - 2*t + 6, z*t + 11 = 4*p + 2*t. List the prime factors of 4/4 + (5 - p).
2
Suppose 2*o = -3*n - 1204 + 4984, 3*o - n = 5648. List the prime factors of o.
2, 3, 157
Let z(y) = -y**3 - 5*y**2 + 21*y - 10. Let q be z(-10). Suppose -3*s = o - q, -2*s + 4*o = 3*s - 461. List the prime factors of s.
3, 31
Let f(v) = -v**3 - v**2 + 7*v - 1. Let d be f(-4). Suppose d*x - 23*x + 392 = 0. List the prime factors of x.
2, 7
Let a(k) = -k**2 + 16*k - 57. Let z be a(9). List the prime factors of (2 + 1)/(z/196).
2, 7
Suppose 69*i - 93*i = -63312. List the prime factors of i.
2, 1319
What are the prime factors of 2021 - 3 - (-108)/(-12)?
7, 41
Suppose 8*h = 11*h - 24. Suppose h*d - 1770 = 14. List the prime factors of d.
223
Suppose -5*c - 22 = 5*f + 298, -3*f = 4*c + 258. What are the prime factors of c/(-4) - (-2)/4?
17
Suppose 5*s - 6 = 3*s. Let a be 380*(3 - s - 1). What are the prime factors of 1/4 - a/16?
2, 3
Let n(w) = w**2 - 20*w - 8. Let p be (3/6)/(2 - 182/92). List the prime factors of n(p).
61
Let q(a) = 69*a - 36. Suppose -3*r = -3*k + r + 25, -4*r = 16. List the prime factors of q(k).
3, 19
Let a = -854 - -1592. What are the prime factors of a/4*4/6?
3, 41
Suppose 0 = 3*n - 4*m - 5522, -5*n = 8*m - 9*m - 9226. What are the prime factors of n?
2, 13, 71
Suppose 358 = d + d - 2*i, 0 = 4*d + 5*i - 716. What are the prime factors of d?
179
Let m(r) = r**2 + 11*r + 792. What are the prime factors of 